{"id":5284,"date":"2023-09-14T04:24:21","date_gmt":"2023-09-14T04:24:21","guid":{"rendered":"https:\/\/topsukienka.pl\/red\/czerwona-sukienka-z-nadrukiem-75-81795-corallo\/"},"modified":"2023-09-14T04:24:21","modified_gmt":"2023-09-14T04:24:21","slug":"czerwona-sukienka-z-nadrukiem-75-81795-corallo","status":"publish","type":"product","link":"https:\/\/topsukienka.pl\/red\/czerwona-sukienka-z-nadrukiem-75-81795-corallo\/","title":{"rendered":"CZERWONA SUKIENKA Z NADRUKIEM 75-81795 CORALLO"},"content":{"rendered":"<p><img decoding=\"async\" style=\"margin-right: 25px; margin-bottom: 10px; width: 220px;\" src=\"https:\/\/static.convertiser.com\/media\/product_images\/434\/84fa0fc145ca10bfedab75a7d2e20d48\/e5ad3bef0da5b59f95e538a86d2f60aa26a17cad.jpg\" alt=\"sukienka w kolorze czerwonym Unisono\" align=\"left\" \/><\/p>\n<h2>Modna sukienka czerwona<\/h2>\n<p>CENA: 159.0 PLN<\/p>\n<div style=\"font-weight: bold; font-size: 18px;\">\n<p>UWAGA <span style=\"color: red;\">MAMY RABATY!<\/span><\/p>\n<p>Materia\u0142, rozmiary oraz promocje dla tej czerwonej sukienki sprawdzisz w Unisono. Mo\u017cesz zobaczy\u0107 ju\u017c teraz. Czy podoba Ci si\u0119?<\/p>\n<p><span style=\"color: #fff; background-color: #000000; padding: 1px 7px;\"><strong>Unisono<\/strong><\/span><strong><span style=\"margin-left: 5px; color: #fff; background-color: red; padding: 1px 7px;\">159.0 PLN<\/span><\/strong><br \/>\n<span style=\"font-weight: normal;\">(t\u0105 sukienk\u0119 kupisz w sklepie Unisono &#8211; tam sprawdzisz r\u00f3wnie\u017c aktualn\u0105 cen\u0119 i promocj\u0119)<\/span><\/p>\n<p>&nbsp;<\/p>\n<p>&nbsp;<\/p>\n<\/div>\n<p style=\"text-align: center; padding-bottom: 15px;\"><a style=\"color: #fff; font-size: 22px; background-color: #e4144d; padding: 9px; border-radius: 7px; text-decoration: underline;\" href=\"https:\/\/converti.se\/click\/d1a346a4-38e971db-b9b88b52\/?deep_link=https%3A%2F%2Fwww.unisono.eu%2Fczerwona-sukienka-z-nadrukiem-p-69279-38-72.38.html&#038;sid=czerwona-sukienka&#038;tag6=product&#038;tag8=84fa0fc145ca10bfedab75a7d2e20d48&#038;tag9=CZERWONA+SUKIENKA+Z+NADRUKIEM+75-81795+CORALLO\" target=\"_blank\" rel=\"nofollow noopener\">KUP ONLINE<\/a><\/p>\n<p>&nbsp;<\/p>\n<div>Kupno <strong>czerwonej sukienki<\/strong> mo\u017ce by\u0107 fantastyczn\u0105 decyzj\u0105, a oto kilka powod\u00f3w, dlaczego warto rozwa\u017cy\u0107 ten wyb\u00f3r:<strong>Wyrazisto\u015b\u0107 koloru:<\/strong> Czerwona sukienka jest zazwyczaj kojarzona z pasj\u0105, energi\u0105 i pewno\u015bci\u0105 siebie. Ten kolor przyci\u0105ga uwag\u0119 i sprawia, \u017ce osoba j\u0105 nosz\u0105ca wydaje si\u0119 bardziej pewna siebie i pe\u0142na \u017cycia.<\/p>\n<p><strong>Zmys\u0142owo\u015b\u0107:<\/strong> Czerwie\u0144 to kolor, kt\u00f3ry symbolizuje mi\u0142o\u015b\u0107 i nami\u0119tno\u015b\u0107. Nosz\u0105c czerwon\u0105 sukienk\u0119, mo\u017cna podkre\u015bli\u0107 swoj\u0105 atrakcyjno\u015b\u0107 i zmys\u0142owo\u015b\u0107, co mo\u017ce by\u0107 idealne na romantyczn\u0105 randk\u0119 lub wiecz\u00f3r na mie\u015bcie.<\/p>\n<p><strong>Uniwersalno\u015b\u0107:<\/strong> Czerwona sukienka to klasyka, kt\u00f3ra zawsze b\u0119dzie modna. Niezale\u017cnie od aktualnych trend\u00f3w, czerwie\u0144 zawsze b\u0119dzie atrakcyjnym wyborem, dlatego inwestycja w ni\u0105 mo\u017ce by\u0107 d\u0142ugoterminowa.<\/p>\n<p><strong>Samopoczucie:<\/strong> Noszenie czerwonej sukienki mo\u017ce wp\u0142yn\u0105\u0107 na nasze samopoczucie. Kolor ten mo\u017ce dodawa\u0107 pewno\u015bci siebie i pozytywnego nastroju, co sprawia, \u017ce czujemy si\u0119 lepiej i bardziej pewnie.<\/p>\n<p><strong>Warto\u015bciowe wspomnienia<\/strong>: Czerwona sukienka mo\u017ce by\u0107 idealna na wa\u017cne wydarzenia \u017cyciowe, takie jak uroczysto\u015bci rodzinne, przyj\u0119cia czy \u015bwi\u0119ta. Kiedy spojrzysz na zdj\u0119cia z tych chwil, zawsze b\u0119dziesz pami\u0119ta\u0107, jak pi\u0119knie si\u0119 wtedy prezentowa\u0142a\u015b.<\/p>\n<p><strong>R\u00f3\u017cnorodno\u015b\u0107 styl\u00f3w:<\/strong> Czerwona sukienka wyst\u0119puje w wielu r\u00f3\u017cnych stylach, od eleganckich i klasycznych po bardziej casualowe i swobodne. Dzi\u0119ki temu mo\u017cesz znale\u017a\u0107 model, kt\u00f3ry najlepiej odpowiada Twojemu gustowi i stylowi \u017cycia.<\/p>\n<p><strong>Zwracanie uwagi:<\/strong> Je\u015bli chcesz przyci\u0105ga\u0107 uwag\u0119 i by\u0107 zauwa\u017calna w t\u0142umie, czerwona sukienka na pewno spe\u0142ni to zadanie. To kolor, kt\u00f3ry przyci\u0105ga wzrok i sprawia, \u017ce wyr\u00f3\u017cniasz si\u0119 spo\u015br\u00f3d innych.<\/p>\n<p>Podsumowuj\u0105c, <strong>czerwona sukienka<\/strong> ma wiele zalet, kt\u00f3re sprawiaj\u0105, \u017ce warto j\u0105 kupi\u0107. To kolor pe\u0142en symboliki i emocji, kt\u00f3ry mo\u017ce podkre\u015bli\u0107 Twoj\u0105 pewno\u015b\u0107 siebie, zmys\u0142owo\u015b\u0107 i pozytywne podej\u015bcie do \u017cycia. Bez wzgl\u0119du na okazj\u0119, czerwona sukienka zawsze b\u0119dzie modna i efektowna, dlatego mo\u017ce sta\u0107 si\u0119 cennym dodatkiem do Twojej garderoby.<\/p>\n<\/div>\n","protected":false},"excerpt":{"rendered":"<p>Cechy i zalety: <\/p>\n<ul style='padding-left: 10px; padding-bottom: 10px;'>\n<li style='padding-top: 10px;'> Kolor: czerwonyMateria\u0142: wiskoza 100%<\/li>\n<\/ul>\n<h3>Szukasz wyj\u0105tkowej <span style='color: red; font-weight: bold;'>czerwonej sukienki?<\/span><\/h3>\n","protected":false},"featured_media":5285,"comment_status":"closed","ping_status":"open","template":"","meta":[],"product_cat":[228],"product_tag":[],"class_list":{"0":"post-5284","1":"product","2":"type-product","3":"status-publish","5":"hentry","6":"product_cat-unisono","7":"pa_producent-unisono","8":"pa_sklep-unisono","9":"pa_typ-wyprzedaz-sukienki"},"_links":{"self":[{"href":"https:\/\/topsukienka.pl\/red\/wp-json\/wp\/v2\/product\/5284","targetHints":{"allow":["GET"]}}],"collection":[{"href":"https:\/\/topsukienka.pl\/red\/wp-json\/wp\/v2\/product"}],"about":[{"href":"https:\/\/topsukienka.pl\/red\/wp-json\/wp\/v2\/types\/product"}],"replies":[{"embeddable":true,"href":"https:\/\/topsukienka.pl\/red\/wp-json\/wp\/v2\/comments?post=5284"}],"wp:featuredmedia":[{"embeddable":true,"href":"https:\/\/topsukienka.pl\/red\/wp-json\/wp\/v2\/media\/5285"}],"wp:attachment":[{"href":"https:\/\/topsukienka.pl\/red\/wp-json\/wp\/v2\/media?parent=5284"}],"wp:term":[{"taxonomy":"product_cat","embeddable":true,"href":"https:\/\/topsukienka.pl\/red\/wp-json\/wp\/v2\/product_cat?post=5284"},{"taxonomy":"product_tag","embeddable":true,"href":"https:\/\/topsukienka.pl\/red\/wp-json\/wp\/v2\/product_tag?post=5284"}],"curies":[{"name":"wp","href":"https:\/\/api.w.org\/{rel}","templated":true}]}}