{"id":7681,"date":"2022-04-26T19:06:00","date_gmt":"2022-04-26T19:06:00","guid":{"rendered":"https:\/\/topsukienka.pl\/kids\/lego-wear-sukienka-dziewczeca-lw-12010083-98-biala\/"},"modified":"2022-04-26T19:06:01","modified_gmt":"2022-04-26T19:06:01","slug":"lego-wear-sukienka-dziewczeca-lw-12010083-98-biala","status":"publish","type":"product","link":"https:\/\/topsukienka.pl\/kids\/lego-wear-sukienka-dziewczeca-lw-12010083-98-biala\/","title":{"rendered":"LEGO Wear sukienka dziewcz\u0119ca LW-12010083 98 bia\u0142a"},"content":{"rendered":"<p><img decoding=\"async\" style=\"margin-right: 25px; margin-bottom: 10px; width: 220px; padding: 0px 10px;\" src=\"https:\/\/static.convertiser.com\/media\/product_images\/186\/d342b692f2527fd1ce4d6daf538eed37\/a4787ec476c6c7c5aaa7fae845ac0a870296533d.jpg\" alt=\"sukienka w kolorze czerwonym LEGO Wear\" align=\"left\" \/><\/p>\n<h2>Sukienka dziewcz\u0119ca<\/h2>\n<p>CENA ORYGINALNA: 119.0 PLN<\/p>\n<div style=\"font-weight: bold; font-size: 18px;\">\n<p>UWAGA <span style=\"color: red;\">MAMY RABATY!<\/span><\/p>\n<p>Szczeg\u00f3\u0142owe parametry takie jak materia\u0142 tej <a style=\"text-decoration: underline; color: red;\" href=\"https:\/\/topsukienka.pl\/kids\/\">sukienki dziewcz\u0119cej<\/a> oraz aktualnie dost\u0119pne promocje sprawdzisz\u00a0 w sklepie Mall.pl. Modna kreacja LEGO Wear dla m\u0142odej modelki lub je\u017celi ta sukienka ma odpowiedni rozmiar \ud83d\ude42 to r\u00f3wnie\u017c dla Ciebie. Poczuj si\u0119 dziewcz\u0119co, kobieco i m\u0142odo lub spraw rado\u015b\u0107 m\u0142odej damie. Je\u017celi ta sukienka trafi\u0142a w Tw\u00f3j gust, przejd\u017a bezpo\u015brednio do sklepu gdzie jest ona dost\u0119pna dzisiaj, w naprawd\u0119 niewyg\u00f3rowanej cenie.<\/p>\n<p><span style=\"color: #fff; background-color: #000000; padding: 1px 7px;\"><strong>LEGO Wear<\/strong><\/span><strong><span style=\"margin-left: 5px; color: #fff; background-color: red; padding: 1px 7px;\">119.0 PLN<\/span><\/strong><\/p>\n<p>&nbsp;<\/p>\n<p>&nbsp;<\/p>\n<\/div>\n<p style=\"text-align: center; padding-bottom: 15px;\"><a style=\"color: #fff; font-size: 22px; background-color: red; padding: 9px; border-radius: 7px; text-decoration: underline;\" href=\"https:\/\/converti.se\/click\/d1a346a4-38e971db-b9bf8b53\/?deep_link=https%3A%2F%2Fwww.mall.pl%2Fsukienki-dla-niemowlat%2Flego-wear-sukienka-dziewczeca-lw-12010083-98-biala&#038;sid=sukienki-dziewczece&#038;tag6=product&#038;tag8=d342b692f2527fd1ce4d6daf538eed37&#038;tag9=LEGO+Wear+sukienka+dziewcz%C4%99ca+LW-12010083+98+bia%C5%82a\" target=\"_blank\" rel=\"nofollow noopener\">Kup teraz <\/a><\/p>\n<p>&nbsp;<\/p>\n","protected":false},"excerpt":{"rendered":"<p>LEGO Wear sukienka. Cechy i zalety: <\/p>\n<ul style='padding-left: 10px; padding-bottom: 10px;'>\n<li style='padding-top: 10px;'>Przedstawiamy stylow\u0105 sukienk\u0119 dziewcz\u0119c\u0105 od marki LEGO wear w bia\u0142ym kolorze\n<li style='padding-top: 10px;'>Sukienka ma paski na ca\u0142ej d\u0142ugo\u015bci oraz figurk\u0119 Lego na piersi\n<li style='padding-top: 10px;'>Ma kr\u00f3tkie r\u0119kawy i jest idealna do noszenia zar\u00f3wno w domu, jak i na zewn\u0105trz\n<li style='padding-top: 10px;'>Jest wygodna i odpowiednia do noszenia na co dzie\u0144\n<li style='padding-top: 10px;'>Ka\u017cda dziewczynka od razu zakocha si\u0119 w tej sukience.<\/ul>\n","protected":false},"featured_media":8147,"comment_status":"closed","ping_status":"open","template":"","meta":[],"product_cat":[108],"product_tag":[],"class_list":{"0":"post-7681","1":"product","2":"type-product","3":"status-publish","5":"hentry","6":"product_cat-lego-wear","7":"pa_producent-lego-wear","8":"pa_sklep-mall-pl"},"_links":{"self":[{"href":"https:\/\/topsukienka.pl\/kids\/wp-json\/wp\/v2\/product\/7681","targetHints":{"allow":["GET"]}}],"collection":[{"href":"https:\/\/topsukienka.pl\/kids\/wp-json\/wp\/v2\/product"}],"about":[{"href":"https:\/\/topsukienka.pl\/kids\/wp-json\/wp\/v2\/types\/product"}],"replies":[{"embeddable":true,"href":"https:\/\/topsukienka.pl\/kids\/wp-json\/wp\/v2\/comments?post=7681"}],"wp:featuredmedia":[{"embeddable":true,"href":"https:\/\/topsukienka.pl\/kids\/wp-json\/wp\/v2\/media\/8147"}],"wp:attachment":[{"href":"https:\/\/topsukienka.pl\/kids\/wp-json\/wp\/v2\/media?parent=7681"}],"wp:term":[{"taxonomy":"product_cat","embeddable":true,"href":"https:\/\/topsukienka.pl\/kids\/wp-json\/wp\/v2\/product_cat?post=7681"},{"taxonomy":"product_tag","embeddable":true,"href":"https:\/\/topsukienka.pl\/kids\/wp-json\/wp\/v2\/product_tag?post=7681"}],"curies":[{"name":"wp","href":"https:\/\/api.w.org\/{rel}","templated":true}]}}