{"id":7343,"date":"2022-04-26T19:06:26","date_gmt":"2022-04-26T19:06:26","guid":{"rendered":"https:\/\/topsukienka.pl\/kids\/czarna-sukienka-dziewczeca-w-kropki-g-gina-junior\/"},"modified":"2022-04-26T19:06:29","modified_gmt":"2022-04-26T19:06:29","slug":"czarna-sukienka-dziewczeca-w-kropki-g-gina-junior","status":"publish","type":"product","link":"https:\/\/topsukienka.pl\/kids\/czarna-sukienka-dziewczeca-w-kropki-g-gina-junior\/","title":{"rendered":"Czarna sukienka dziewcz\u0119ca w kropki G-GINA JUNIOR"},"content":{"rendered":"<p><img decoding=\"async\" style=\"margin-right: 25px; margin-bottom: 10px; width: 220px; padding: 0px 10px;\" src=\"https:\/\/static.convertiser.com\/media\/product_images\/371\/094ecdba68caba41b8033f0272673d21\/38b775bbf8c4ffc7cd56814812665d87eeaf93a3.jpg\" alt=\"sukienka w kolorze czerwonym Volcano\" align=\"left\" \/><\/p>\n<h2>Sukienka dziewcz\u0119ca<\/h2>\n<p>CENA ORYGINALNA: 79.99 PLN<\/p>\n<div style=\"font-weight: bold; font-size: 18px;\">\n<p>UWAGA <span style=\"color: red;\">MAMY RABATY!<\/span><\/p>\n<p>Szczeg\u00f3\u0142owe parametry takie jak materia\u0142 tej <a style=\"text-decoration: underline; color: red;\" href=\"https:\/\/topsukienka.pl\/kids\/\">sukienki dziewcz\u0119cej<\/a> oraz aktualnie dost\u0119pne promocje sprawdzisz\u00a0 w sklepie Volcano.pl. Modna kreacja Volcano dla m\u0142odej modelki lub je\u017celi ta sukienka ma odpowiedni rozmiar \ud83d\ude42 to r\u00f3wnie\u017c dla Ciebie. Poczuj si\u0119 dziewcz\u0119co, kobieco i m\u0142odo lub spraw rado\u015b\u0107 m\u0142odej damie. Je\u017celi ta sukienka trafi\u0142a w Tw\u00f3j gust, przejd\u017a bezpo\u015brednio do sklepu gdzie jest ona dost\u0119pna dzisiaj, w naprawd\u0119 niewyg\u00f3rowanej cenie.<\/p>\n<p><span style=\"color: #fff; background-color: #000000; padding: 1px 7px;\"><strong>Volcano<\/strong><\/span><strong><span style=\"margin-left: 5px; color: #fff; background-color: red; padding: 1px 7px;\">79.99 PLN<\/span><\/strong><\/p>\n<p>&nbsp;<\/p>\n<p>&nbsp;<\/p>\n<\/div>\n<p style=\"text-align: center; padding-bottom: 15px;\"><a style=\"color: #fff; font-size: 22px; background-color: red; padding: 9px; border-radius: 7px; text-decoration: underline;\" href=\"https:\/\/converti.se\/click\/d1a346a4-38e971db-b9bb8953\/?deep_link=http%3A%2F%2Fvolcano.pl%2Fczarna-sukienka-w-kropki-g-gina-junior.html&#038;sid=sukienki-dziewczece&#038;tag6=product&#038;tag8=094ecdba68caba41b8033f0272673d21&#038;tag9=Czarna+sukienka+dziewcz%C4%99ca+w+kropki+G-GINA+JUNIOR\" target=\"_blank\" rel=\"nofollow noopener\">Kup teraz <\/a><\/p>\n<p>&nbsp;<\/p>\n","protected":false},"excerpt":{"rendered":"<p>Czarna sukienka dziewcz\u0119ca. Cechy i zalety: <\/p>\n<ul style='padding-left: 10px; padding-bottom: 10px;'>\n<li style='padding-top: 10px;'>mi\u0119kki i oddychaj\u0105cy materia\u0142: 100% bawe\u0142na d\u0142ugi r\u0119kaw kr\u00f3j oversize dekoracyjne marszczenia i falbanki p\u00f3\u0142okr\u0105g\u0142y dekolt dekoracyjna lam\u00f3wka na karczku kolor: czarny wz\u00f3r: bia\u0142e kropki materia\u0142owa naszywka Volcano Sukienka w kropki dla dziewczynki Twoja c\u00f3rka jest wielk\u0105 fank\u0105 wzoru w groszki? Spraw jej przyjemno\u015b\u0107 i kup czarn\u0105 sukienk\u0119 w bia\u0142e kropki G-GINA JUNIOR\n<li style='padding-top: 10px;'>Sukienka \u015bwietnie sprawdzi si\u0119 jako str\u00f3j na przer\u00f3\u017cne okazje, uroczysto\u015bci rodzinne, szkolne itd\n<li style='padding-top: 10px;'>Ty pokochasz j\u0105 za uniwersalny wz\u00f3r, Twoja c\u00f3rka za wygodny kr\u00f3j! Bawe\u0142niana sukienka dziewcz\u0119ca Jako rodzic chcesz, by Twoje dziecko czu\u0142o si\u0119 wygodnie i by\u0142o zdrowe\n<li style='padding-top: 10px;'>Wybierasz wi\u0119c ubrania z przewiewnych materia\u0142\u00f3w, w kt\u00f3rych Twoja pociecha si\u0119 \u201cnie zapoci\u201d\n<li style='padding-top: 10px;'>Sukienka G-GINA JUNIOR uszyta jest z oddychaj\u0105cej dzianiny w 100% bawe\u0142nianej\n<li style='padding-top: 10px;'>Delikatny materia\u0142 pi\u0119knie uk\u0142ada si\u0119 na sylwetce, a ze wzgl\u0119du na przewiewn\u0105 struktur\u0119 idealnie sprawdzi si\u0119 nawet latem\n<li style='padding-top: 10px;'>Urocza sukienka dziewcz\u0119ca Sukienka G-GINA JUNIOR ma pi\u0119kny dziewcz<\/ul>\n","protected":false},"featured_media":8191,"comment_status":"closed","ping_status":"open","template":"","meta":[],"product_cat":[100],"product_tag":[],"class_list":{"0":"post-7343","1":"product","2":"type-product","3":"status-publish","5":"hentry","6":"product_cat-volcano","7":"pa_producent-volcano","8":"pa_sklep-volcano-pl"},"_links":{"self":[{"href":"https:\/\/topsukienka.pl\/kids\/wp-json\/wp\/v2\/product\/7343","targetHints":{"allow":["GET"]}}],"collection":[{"href":"https:\/\/topsukienka.pl\/kids\/wp-json\/wp\/v2\/product"}],"about":[{"href":"https:\/\/topsukienka.pl\/kids\/wp-json\/wp\/v2\/types\/product"}],"replies":[{"embeddable":true,"href":"https:\/\/topsukienka.pl\/kids\/wp-json\/wp\/v2\/comments?post=7343"}],"wp:featuredmedia":[{"embeddable":true,"href":"https:\/\/topsukienka.pl\/kids\/wp-json\/wp\/v2\/media\/8191"}],"wp:attachment":[{"href":"https:\/\/topsukienka.pl\/kids\/wp-json\/wp\/v2\/media?parent=7343"}],"wp:term":[{"taxonomy":"product_cat","embeddable":true,"href":"https:\/\/topsukienka.pl\/kids\/wp-json\/wp\/v2\/product_cat?post=7343"},{"taxonomy":"product_tag","embeddable":true,"href":"https:\/\/topsukienka.pl\/kids\/wp-json\/wp\/v2\/product_tag?post=7343"}],"curies":[{"name":"wp","href":"https:\/\/api.w.org\/{rel}","templated":true}]}}