{"id":6944,"date":"2022-04-26T19:06:26","date_gmt":"2022-04-26T19:06:26","guid":{"rendered":"https:\/\/topsukienka.pl\/kids\/dresowa-sukienka-dziewczeca-z-kapturem-g-red-junior\/"},"modified":"2022-04-26T19:06:26","modified_gmt":"2022-04-26T19:06:26","slug":"dresowa-sukienka-dziewczeca-z-kapturem-g-red-junior","status":"publish","type":"product","link":"https:\/\/topsukienka.pl\/kids\/dresowa-sukienka-dziewczeca-z-kapturem-g-red-junior\/","title":{"rendered":"Dresowa sukienka dziewcz\u0119ca z kapturem G-RED JUNIOR"},"content":{"rendered":"<p><img decoding=\"async\" style=\"margin-right: 25px; margin-bottom: 10px; width: 220px; padding: 0px 10px;\" src=\"https:\/\/static.convertiser.com\/media\/product_images\/371\/81aae4d4abfd5b48bdc7788525a79fd2\/e47f0c7493c61ad69f5c7f1aa47aa027b9cebb31.jpg\" alt=\"sukienka w kolorze czerwonym Volcano\" align=\"left\" \/><\/p>\n<h2>Sukienka dziewcz\u0119ca<\/h2>\n<p>CENA ORYGINALNA: 99.99 PLN<\/p>\n<div style=\"font-weight: bold; font-size: 18px;\">\n<p>UWAGA <span style=\"color: red;\">MAMY RABATY!<\/span><\/p>\n<p>Szczeg\u00f3\u0142owe parametry takie jak materia\u0142 tej <a style=\"text-decoration: underline; color: red;\" href=\"https:\/\/topsukienka.pl\/kids\/\">sukienki dziewcz\u0119cej<\/a> oraz aktualnie dost\u0119pne promocje sprawdzisz\u00a0 w sklepie Volcano.pl. Modna kreacja Volcano dla m\u0142odej modelki lub je\u017celi ta sukienka ma odpowiedni rozmiar \ud83d\ude42 to r\u00f3wnie\u017c dla Ciebie. Poczuj si\u0119 dziewcz\u0119co, kobieco i m\u0142odo lub spraw rado\u015b\u0107 m\u0142odej damie. Je\u017celi ta sukienka trafi\u0142a w Tw\u00f3j gust, przejd\u017a bezpo\u015brednio do sklepu gdzie jest ona dost\u0119pna dzisiaj, w naprawd\u0119 niewyg\u00f3rowanej cenie.<\/p>\n<p><span style=\"color: #fff; background-color: #000000; padding: 1px 7px;\"><strong>Volcano<\/strong><\/span><strong><span style=\"margin-left: 5px; color: #fff; background-color: red; padding: 1px 7px;\">99.99 PLN<\/span><\/strong><\/p>\n<p>&nbsp;<\/p>\n<p>&nbsp;<\/p>\n<\/div>\n<p style=\"text-align: center; padding-bottom: 15px;\"><a style=\"color: #fff; font-size: 22px; background-color: red; padding: 9px; border-radius: 7px; text-decoration: underline;\" href=\"https:\/\/converti.se\/click\/d1a346a4-38e971db-b9bb8953\/?deep_link=http%3A%2F%2Fvolcano.pl%2Fczarna-dziewczeca-sukienka-dresowa-g-red-junior.html&#038;sid=sukienki-dziewczece&#038;tag6=product&#038;tag8=81aae4d4abfd5b48bdc7788525a79fd2&#038;tag9=Dresowa+sukienka+dziewcz%C4%99ca+z+kapturem+G-RED+JUNIOR\" target=\"_blank\" rel=\"nofollow noopener\">Kup teraz <\/a><\/p>\n<p>&nbsp;<\/p>\n","protected":false},"excerpt":{"rendered":"<p>Dresowa sukienka dziewcz\u0119ca. Cechy i zalety: <\/p>\n<ul style='padding-left: 10px; padding-bottom: 10px;'>\n<li style='padding-top: 10px;'>mi\u0119kka i przewiewna dzianina: 100% bawe\u0142na wn\u0119trze wyko\u0144czone mi\u0119kkim puszkiem (dzianina fleece) na piersi haft z motywem geometrycznego lisa kaptur obszyty wewn\u0105trz dekoracyjn\u0105 listw\u0105 dwa rozci\u0119cia po bokach d\u00f3\u0142 i r\u0119kawy wyko\u0144czone dresowymi \u015bci\u0105gaczami materia\u0142owa naszywka Volcano karczek ozdobiony \u017c\u00f3\u0142t\u0105 lam\u00f3wk\u0105 kolor: czarny \u00a0 Ciep\u0142a sukienka dresowa dla dziewczynki Szukasz dziewcz\u0119cej sukienki na okres jesienno-zimowy? Sprawd\u017a czarn\u0105 sukienk\u0119 dresow\u0105 z kapturem G-RED JUNIOR, uszyt\u0105 z ciep\u0142ej, a jednocze\u015bnie przewiewnej dzianiny bawe\u0142nianej\n<li style='padding-top: 10px;'>Nasi projektanci postawili na idealny dla dzieci materia\u0142 &#8211; dzianin\u0119 fleece, z wn\u0119trzem wyko\u0144czonym puszkiem\n<li style='padding-top: 10px;'>Taka dzianina nie drapie, wr\u0119cz przeciwnie, jest bardzo mi\u0119kka w dotyku, przez co ubrania z niej uszyte przyjemnie si\u0119 nosi\n<li style='padding-top: 10px;'>Bawe\u0142niana sukienka jest idealna w czasie ch\u0142od\u00f3w &#8211; wtedy przyjemnie grzeje\n<li style='padding-top: 10px;'>Jednak wa\u017cn\u0105 cech\u0105 tego naturalnego materia\u0142u jest przewiewno\u015b\u0107 &#8211; to istotne w przypadku ruchliwych dzieci! \u00a0 Czarna sukienka d<\/ul>\n","protected":false},"featured_media":8187,"comment_status":"closed","ping_status":"open","template":"","meta":[],"product_cat":[100],"product_tag":[],"class_list":{"0":"post-6944","1":"product","2":"type-product","3":"status-publish","5":"hentry","6":"product_cat-volcano","7":"pa_producent-volcano","8":"pa_sklep-volcano-pl"},"_links":{"self":[{"href":"https:\/\/topsukienka.pl\/kids\/wp-json\/wp\/v2\/product\/6944","targetHints":{"allow":["GET"]}}],"collection":[{"href":"https:\/\/topsukienka.pl\/kids\/wp-json\/wp\/v2\/product"}],"about":[{"href":"https:\/\/topsukienka.pl\/kids\/wp-json\/wp\/v2\/types\/product"}],"replies":[{"embeddable":true,"href":"https:\/\/topsukienka.pl\/kids\/wp-json\/wp\/v2\/comments?post=6944"}],"wp:featuredmedia":[{"embeddable":true,"href":"https:\/\/topsukienka.pl\/kids\/wp-json\/wp\/v2\/media\/8187"}],"wp:attachment":[{"href":"https:\/\/topsukienka.pl\/kids\/wp-json\/wp\/v2\/media?parent=6944"}],"wp:term":[{"taxonomy":"product_cat","embeddable":true,"href":"https:\/\/topsukienka.pl\/kids\/wp-json\/wp\/v2\/product_cat?post=6944"},{"taxonomy":"product_tag","embeddable":true,"href":"https:\/\/topsukienka.pl\/kids\/wp-json\/wp\/v2\/product_tag?post=6944"}],"curies":[{"name":"wp","href":"https:\/\/api.w.org\/{rel}","templated":true}]}}